{"id":9367,"date":"2026-05-08T19:39:25","date_gmt":"2026-05-08T17:39:25","guid":{"rendered":"http:\/\/kfd-dipperz.de\/?page_id=9367"},"modified":"2026-05-11T09:58:00","modified_gmt":"2026-05-11T07:58:00","slug":"maiandacht-2026-2","status":"publish","type":"page","link":"http:\/\/kfd-dipperz.de\/?page_id=9367","title":{"rendered":"Maiandacht 2026"},"content":{"rendered":"<p>&nbsp;<\/p>\n<p>Am 08.05.2026. feierten wir unsere Maiandacht an unserer Mariengrotte. Unsere Sprecherin Andrea Goldbach begr\u00fc\u00dfte alle B\u00fcrger und B\u00fcrgerinnen ganz herzlich. Das Liturgie-Team Gaby Bethmann, Renate Dernbach, Julia Wagner und Andrea Goldbach hatten als&nbsp; Thema der Maiandacht den Regenbogen gew\u00e4hlt.<br \/>\nDer Regenbogen ist ein Symbol f\u00fcr den Bund, den Gott mit den Menschen geschlossen hat. Er steht f\u00fcr immer zu den Menschen, ganz gleich was passieren mag.<br \/>\nDer Regenbogen ist ein Symbol der Verbindung zwischen Himmel und Erde, eine Br\u00fccke zwischen g\u00f6ttlicher und menschlicher Welt.<br \/>\nIn diesem bunten Monat Mai soll der Regenbogen auch auf Maria hindeuten.<br \/>\nDenn der Monat Mai ist auch der Monat Mariens. Es ist die Zeit der besonderen Verbundenheit mit ihr.<br \/>\nDie Maiandacht wurde musikalisch von Renate Dernbach, Ulrike Vogler und Enrico Schanz begleitet.<br \/>\nDie Kollekte der Andacht geht dem M\u00fcttergenesungswerk zu.<br \/>\nAndrea Goldbach bedankte sich bei allen Anwesenden f\u00fcr das gemeinsame Gebet und ihr Kommen.<br \/>\nAm Ende konnten sich alle einen Schutzengel in den Farben des Regenbogens mit nach Hause nehmen.<\/p>\n<p style=\"text-align: center;\">ngg_shortcode_0_placeholder<\/p>\n","protected":false},"excerpt":{"rendered":"<p>&nbsp; Am 08.05.2026. feierten wir unsere Maiandacht an unserer Mariengrotte. Unsere Sprecherin Andrea Goldbach begr\u00fc\u00dfte alle B\u00fcrger und B\u00fcrgerinnen ganz herzlich. Das Liturgie-Team Gaby Bethmann, Renate Dernbach, Julia Wagner und Andrea Goldbach hatten als&nbsp; Thema der Maiandacht den Regenbogen gew\u00e4hlt. Der Regenbogen ist ein Symbol f\u00fcr den Bund, den Gott mit den Menschen geschlossen hat. &hellip; <a href=\"http:\/\/kfd-dipperz.de\/?page_id=9367\" class=\"more-link\"><span class=\"screen-reader-text\">Maiandacht 2026<\/span> weiterlesen<\/a><\/p>\n","protected":false},"author":2,"featured_media":0,"parent":0,"menu_order":0,"comment_status":"closed","ping_status":"closed","template":"","meta":{"ngg_post_thumbnail":0,"footnotes":""},"class_list":["post-9367","page","type-page","status-publish","hentry"],"_links":{"self":[{"href":"http:\/\/kfd-dipperz.de\/index.php?rest_route=\/wp\/v2\/pages\/9367","targetHints":{"allow":["GET"]}}],"collection":[{"href":"http:\/\/kfd-dipperz.de\/index.php?rest_route=\/wp\/v2\/pages"}],"about":[{"href":"http:\/\/kfd-dipperz.de\/index.php?rest_route=\/wp\/v2\/types\/page"}],"author":[{"embeddable":true,"href":"http:\/\/kfd-dipperz.de\/index.php?rest_route=\/wp\/v2\/users\/2"}],"replies":[{"embeddable":true,"href":"http:\/\/kfd-dipperz.de\/index.php?rest_route=%2Fwp%2Fv2%2Fcomments&post=9367"}],"version-history":[{"count":6,"href":"http:\/\/kfd-dipperz.de\/index.php?rest_route=\/wp\/v2\/pages\/9367\/revisions"}],"predecessor-version":[{"id":9395,"href":"http:\/\/kfd-dipperz.de\/index.php?rest_route=\/wp\/v2\/pages\/9367\/revisions\/9395"}],"wp:attachment":[{"href":"http:\/\/kfd-dipperz.de\/index.php?rest_route=%2Fwp%2Fv2%2Fmedia&parent=9367"}],"curies":[{"name":"wp","href":"https:\/\/api.w.org\/{rel}","templated":true}]}}