{"id":8596,"date":"2025-11-30T14:49:20","date_gmt":"2025-11-30T13:49:20","guid":{"rendered":"http:\/\/kfd-dipperz.de\/?page_id=8596"},"modified":"2025-11-30T16:31:57","modified_gmt":"2025-11-30T15:31:57","slug":"adventsbasar-2025","status":"publish","type":"page","link":"http:\/\/kfd-dipperz.de\/?page_id=8596","title":{"rendered":"Adventsbasar 2025"},"content":{"rendered":"<p>Am 29.11.25 fand unser traditioneller &nbsp;Adventsbasar im B\u00fcrgerhaus Dipperz statt.<br \/>\nEs wurde liebevoll gestaltete Weihnachtsdekoration, Adventskr\u00e4nze, Karten, selbstgebackene Pl\u00e4tzchen, Lik\u00f6re, Marmeladen, Kochk\u00e4se und vieles mehr angeboten.<br \/>\nDie Sprecherin Andrea Goldbach begr\u00fc\u00dfte alle G\u00e4ste und w\u00fcnschte allen &nbsp;ein paar frohe Stunden bei Kaffee und Kuchen.<\/p>\n<p>Danach hie\u00df &nbsp;Frau Goldbach unsere G\u00e4ste willkommen, zu denen unsere diesj\u00e4hrigen Spenden hingehen.<br \/>\nF\u00fcr unseren 1. Spendenzweck war &nbsp;Dr. med. Alexander Schindler von der Voraushelfergruppe der Malteser da und stellte das Projekt vor.<\/p>\n<p>F\u00fcr unseren 2. Spendenzweck waren die Herren Schunk und Kiel der Fuldaer Tafel da und stellten auch ihr Projekt vor.<\/p>\n<p>Paul Karges sorgte f\u00fcr eine stimmungsvolle adventliche Atmosph\u00e4re mit wunderbaren Weihnachtslieder zum Mitsingen.<\/p>\n<p>Herzlichen Dank auch an die Pfarr- und Gemeindeb\u00fccherei f\u00fcr Ihren B\u00fccherflohmarkt, der bei den G\u00e4sten guten Anklang fand.<\/p>\n<p>Vielen Dank an alle Helfer und Helferinnen f\u00fcr die tatkr\u00e4ftige Unterst\u00fctzung!<\/p>\n<p>Eine freudige \u00dcberraschung &nbsp;war ein Besuch der kfd Spenge Frau Burk und Frau &nbsp;Pellmann, die Urlaub in der Rh\u00f6n machten und unseren Adventsbasar besuchten.<\/p>\n<p>Vielen Dank &#8211; es war eine sch\u00f6ne Begegnung!<\/p>\nngg_shortcode_0_placeholder\n","protected":false},"excerpt":{"rendered":"<p>Am 29.11.25 fand unser traditioneller &nbsp;Adventsbasar im B\u00fcrgerhaus Dipperz statt. Es wurde liebevoll gestaltete Weihnachtsdekoration, Adventskr\u00e4nze, Karten, selbstgebackene Pl\u00e4tzchen, Lik\u00f6re, Marmeladen, Kochk\u00e4se und vieles mehr angeboten. Die Sprecherin Andrea Goldbach begr\u00fc\u00dfte alle G\u00e4ste und w\u00fcnschte allen &nbsp;ein paar frohe Stunden bei Kaffee und Kuchen. Danach hie\u00df &nbsp;Frau Goldbach unsere G\u00e4ste willkommen, zu denen unsere diesj\u00e4hrigen &hellip; <a href=\"http:\/\/kfd-dipperz.de\/?page_id=8596\" class=\"more-link\"><span class=\"screen-reader-text\">Adventsbasar 2025<\/span> weiterlesen<\/a><\/p>\n","protected":false},"author":2,"featured_media":0,"parent":0,"menu_order":0,"comment_status":"closed","ping_status":"closed","template":"","meta":{"ngg_post_thumbnail":0,"footnotes":""},"class_list":["post-8596","page","type-page","status-publish","hentry"],"_links":{"self":[{"href":"http:\/\/kfd-dipperz.de\/index.php?rest_route=\/wp\/v2\/pages\/8596","targetHints":{"allow":["GET"]}}],"collection":[{"href":"http:\/\/kfd-dipperz.de\/index.php?rest_route=\/wp\/v2\/pages"}],"about":[{"href":"http:\/\/kfd-dipperz.de\/index.php?rest_route=\/wp\/v2\/types\/page"}],"author":[{"embeddable":true,"href":"http:\/\/kfd-dipperz.de\/index.php?rest_route=\/wp\/v2\/users\/2"}],"replies":[{"embeddable":true,"href":"http:\/\/kfd-dipperz.de\/index.php?rest_route=%2Fwp%2Fv2%2Fcomments&post=8596"}],"version-history":[{"count":0,"href":"http:\/\/kfd-dipperz.de\/index.php?rest_route=\/wp\/v2\/pages\/8596\/revisions"}],"wp:attachment":[{"href":"http:\/\/kfd-dipperz.de\/index.php?rest_route=%2Fwp%2Fv2%2Fmedia&parent=8596"}],"curies":[{"name":"wp","href":"https:\/\/api.w.org\/{rel}","templated":true}]}}

<p>Am 29.11.25 fand unser traditioneller &nbsp;Adventsbasar im Bürgerhaus Dipperz statt.<br />
Es wurde liebevoll gestaltete Weihnachtsdekoration, Adventskränze, Karten, selbstgebackene Plätzchen, Liköre, Marmeladen, Kochkäse und vieles mehr angeboten.<br />
Die Sprecherin Andrea Goldbach begrüßte alle Gäste und wünschte allen &nbsp;ein paar frohe Stunden bei Kaffee und Kuchen.</p>
<p>Danach hieß &nbsp;Frau Goldbach unsere Gäste willkommen, zu denen unsere diesjährigen Spenden hingehen.<br />
Für unseren 1. Spendenzweck war &nbsp;Dr. med. Alexander Schindler von der Voraushelfergruppe der Malteser da und stellte das Projekt vor.</p>
<p>Für unseren 2. Spendenzweck waren die Herren Schunk und Kiel der Fuldaer Tafel da und stellten auch ihr Projekt vor.</p>
<p>Paul Karges sorgte für eine stimmungsvolle adventliche Atmosphäre mit wunderbaren Weihnachtslieder zum Mitsingen.</p>
<p>Herzlichen Dank auch an die Pfarr- und Gemeindebücherei für Ihren Bücherflohmarkt, der bei den Gästen guten Anklang fand.</p>
<p>Vielen Dank an alle Helfer und Helferinnen für die tatkräftige Unterstützung!</p>
<p>Eine freudige Überraschung &nbsp;war ein Besuch der kfd Spenge Frau Burk und Frau &nbsp;Pellmann, die Urlaub in der Rhön machten und unseren Adventsbasar besuchten.</p>
<p>Vielen Dank &#8211; es war eine schöne Begegnung!</p>
ngg_shortcode_0_placeholder

<p>Am 29.11.25 fand unser traditioneller &nbsp;Adventsbasar im Bürgerhaus Dipperz statt. Es wurde liebevoll gestaltete Weihnachtsdekoration, Adventskränze, Karten, selbstgebackene Plätzchen, Liköre, Marmeladen, Kochkäse und vieles mehr angeboten. Die Sprecherin Andrea Goldbach begrüßte alle Gäste und wünschte allen &nbsp;ein paar frohe Stunden bei Kaffee und Kuchen. Danach hieß &nbsp;Frau Goldbach unsere Gäste willkommen, zu denen unsere diesjährigen &hellip; <a href="http://kfd-dipperz.de/?page_id=8596" class="more-link"><span class="screen-reader-text">Adventsbasar 2025</span> weiterlesen</a></p>
