{"id":8545,"date":"2025-10-06T14:02:46","date_gmt":"2025-10-06T12:02:46","guid":{"rendered":"http:\/\/kfd-dipperz.de\/?page_id=8545"},"modified":"2025-10-06T14:09:58","modified_gmt":"2025-10-06T12:09:58","slug":"erntedankaltar-2025","status":"publish","type":"page","link":"http:\/\/kfd-dipperz.de\/?page_id=8545","title":{"rendered":"Erntedankaltar 2025"},"content":{"rendered":"<p style=\"text-align: center;\"><strong><a href=\"http:\/\/kfd-dipperz.de\/wp-content\/uploads\/2025\/10\/WhatsApp-Image-2025-10-05-at-09.00.09.jpeg\"><img loading=\"lazy\" decoding=\"async\" class=\"aligncenter wp-image-8551\" src=\"http:\/\/kfd-dipperz.de\/wp-content\/uploads\/2025\/10\/WhatsApp-Image-2025-10-05-at-09.00.09-225x300.jpeg\" alt=\"\" width=\"450\" height=\"600\" srcset=\"http:\/\/kfd-dipperz.de\/wp-content\/uploads\/2025\/10\/WhatsApp-Image-2025-10-05-at-09.00.09-225x300.jpeg 225w, http:\/\/kfd-dipperz.de\/wp-content\/uploads\/2025\/10\/WhatsApp-Image-2025-10-05-at-09.00.09-768x1024.jpeg 768w, http:\/\/kfd-dipperz.de\/wp-content\/uploads\/2025\/10\/WhatsApp-Image-2025-10-05-at-09.00.09-1152x1536.jpeg 1152w, http:\/\/kfd-dipperz.de\/wp-content\/uploads\/2025\/10\/WhatsApp-Image-2025-10-05-at-09.00.09.jpeg 1536w\" sizes=\"auto, (max-width: 450px) 100vw, 450px\" \/><\/a>Erntedank-Altar in der Dipperzer Pfarrkirche St. Antonius.<\/strong><\/p>\n<p><a href=\"http:\/\/kfd-dipperz.de\/wp-content\/uploads\/2025\/10\/WhatsApp-Image-2025-10-05-at-09.00.09-2.jpeg\"><img loading=\"lazy\" decoding=\"async\" class=\"aligncenter wp-image-8550\" src=\"http:\/\/kfd-dipperz.de\/wp-content\/uploads\/2025\/10\/WhatsApp-Image-2025-10-05-at-09.00.09-2-400x300.jpeg\" alt=\"\" width=\"450\" height=\"338\" srcset=\"http:\/\/kfd-dipperz.de\/wp-content\/uploads\/2025\/10\/WhatsApp-Image-2025-10-05-at-09.00.09-2-400x300.jpeg 400w, http:\/\/kfd-dipperz.de\/wp-content\/uploads\/2025\/10\/WhatsApp-Image-2025-10-05-at-09.00.09-2-1024x768.jpeg 1024w, http:\/\/kfd-dipperz.de\/wp-content\/uploads\/2025\/10\/WhatsApp-Image-2025-10-05-at-09.00.09-2-768x576.jpeg 768w, http:\/\/kfd-dipperz.de\/wp-content\/uploads\/2025\/10\/WhatsApp-Image-2025-10-05-at-09.00.09-2-1536x1152.jpeg 1536w, http:\/\/kfd-dipperz.de\/wp-content\/uploads\/2025\/10\/WhatsApp-Image-2025-10-05-at-09.00.09-2.jpeg 2000w\" sizes=\"auto, (max-width: 450px) 100vw, 450px\" \/><\/a><\/p>\n<p style=\"text-align: center;\"><strong>Vielen Dank an die kfd-Frauen Alexandra und Karin f\u00fcr die sch\u00f6ne Gestaltung.<\/strong><\/p>\n<p style=\"text-align: center;\"><strong>Dank auch an alle Spender f\u00fcr die wunderbaren Gaben.<\/strong><\/p>\n<p>&nbsp;<\/p>\n","protected":false},"excerpt":{"rendered":"<p>Erntedank-Altar in der Dipperzer Pfarrkirche St. Antonius. Vielen Dank an die kfd-Frauen Alexandra und Karin f\u00fcr die sch\u00f6ne Gestaltung. Dank auch an alle Spender f\u00fcr die wunderbaren Gaben. &nbsp;<\/p>\n","protected":false},"author":2,"featured_media":0,"parent":0,"menu_order":0,"comment_status":"closed","ping_status":"closed","template":"","meta":{"ngg_post_thumbnail":0,"footnotes":""},"class_list":["post-8545","page","type-page","status-publish","hentry"],"_links":{"self":[{"href":"http:\/\/kfd-dipperz.de\/index.php?rest_route=\/wp\/v2\/pages\/8545","targetHints":{"allow":["GET"]}}],"collection":[{"href":"http:\/\/kfd-dipperz.de\/index.php?rest_route=\/wp\/v2\/pages"}],"about":[{"href":"http:\/\/kfd-dipperz.de\/index.php?rest_route=\/wp\/v2\/types\/page"}],"author":[{"embeddable":true,"href":"http:\/\/kfd-dipperz.de\/index.php?rest_route=\/wp\/v2\/users\/2"}],"replies":[{"embeddable":true,"href":"http:\/\/kfd-dipperz.de\/index.php?rest_route=%2Fwp%2Fv2%2Fcomments&post=8545"}],"version-history":[{"count":0,"href":"http:\/\/kfd-dipperz.de\/index.php?rest_route=\/wp\/v2\/pages\/8545\/revisions"}],"wp:attachment":[{"href":"http:\/\/kfd-dipperz.de\/index.php?rest_route=%2Fwp%2Fv2%2Fmedia&parent=8545"}],"curies":[{"name":"wp","href":"https:\/\/api.w.org\/{rel}","templated":true}]}}

<p style="text-align: center;"><strong><a href="http://kfd-dipperz.de/wp-content/uploads/2025/10/WhatsApp-Image-2025-10-05-at-09.00.09.jpeg"><img loading="lazy" decoding="async" class="aligncenter wp-image-8551" src="http://kfd-dipperz.de/wp-content/uploads/2025/10/WhatsApp-Image-2025-10-05-at-09.00.09-225x300.jpeg" alt="" width="450" height="600" srcset="http://kfd-dipperz.de/wp-content/uploads/2025/10/WhatsApp-Image-2025-10-05-at-09.00.09-225x300.jpeg 225w, http://kfd-dipperz.de/wp-content/uploads/2025/10/WhatsApp-Image-2025-10-05-at-09.00.09-768x1024.jpeg 768w, http://kfd-dipperz.de/wp-content/uploads/2025/10/WhatsApp-Image-2025-10-05-at-09.00.09-1152x1536.jpeg 1152w, http://kfd-dipperz.de/wp-content/uploads/2025/10/WhatsApp-Image-2025-10-05-at-09.00.09.jpeg 1536w" sizes="auto, (max-width: 450px) 100vw, 450px" /></a>Erntedank-Altar in der Dipperzer Pfarrkirche St. Antonius.</strong></p>
<p><a href="http://kfd-dipperz.de/wp-content/uploads/2025/10/WhatsApp-Image-2025-10-05-at-09.00.09-2.jpeg"><img loading="lazy" decoding="async" class="aligncenter wp-image-8550" src="http://kfd-dipperz.de/wp-content/uploads/2025/10/WhatsApp-Image-2025-10-05-at-09.00.09-2-400x300.jpeg" alt="" width="450" height="338" srcset="http://kfd-dipperz.de/wp-content/uploads/2025/10/WhatsApp-Image-2025-10-05-at-09.00.09-2-400x300.jpeg 400w, http://kfd-dipperz.de/wp-content/uploads/2025/10/WhatsApp-Image-2025-10-05-at-09.00.09-2-1024x768.jpeg 1024w, http://kfd-dipperz.de/wp-content/uploads/2025/10/WhatsApp-Image-2025-10-05-at-09.00.09-2-768x576.jpeg 768w, http://kfd-dipperz.de/wp-content/uploads/2025/10/WhatsApp-Image-2025-10-05-at-09.00.09-2-1536x1152.jpeg 1536w, http://kfd-dipperz.de/wp-content/uploads/2025/10/WhatsApp-Image-2025-10-05-at-09.00.09-2.jpeg 2000w" sizes="auto, (max-width: 450px) 100vw, 450px" /></a></p>
<p style="text-align: center;"><strong>Vielen Dank an die kfd-Frauen Alexandra und Karin für die schöne Gestaltung.</strong></p>
<p style="text-align: center;"><strong>Dank auch an alle Spender für die wunderbaren Gaben.</strong></p>
<p>&nbsp;</p>

<p>Erntedank-Altar in der Dipperzer Pfarrkirche St. Antonius. Vielen Dank an die kfd-Frauen Alexandra und Karin für die schöne Gestaltung. Dank auch an alle Spender für die wunderbaren Gaben. &nbsp;</p>
