{"id":7108,"date":"2025-04-01T08:23:57","date_gmt":"2025-04-01T06:23:57","guid":{"rendered":"http:\/\/kfd-dipperz.de\/?page_id=7108"},"modified":"2025-04-01T08:42:31","modified_gmt":"2025-04-01T06:42:31","slug":"handarbeitsrunde-2025","status":"publish","type":"page","link":"http:\/\/kfd-dipperz.de\/?page_id=7108","title":{"rendered":"Handarbeitsrunde 2025"},"content":{"rendered":"<p style=\"text-align: center;\">Am 31.03.25 hie\u00df es &#8222;Ran an die Nadeln!&#8220;<\/p>\n<p style=\"text-align: center;\">Wir trafen uns zum 1. Mal zu einer gem\u00fctlichen Strick- und H\u00e4kelrunde im Pfarrheim Dipperz.<br \/>\nZahlreiche Frauen waren freudig unserer Einladung gefolgt.<br \/>\nBarbara Walter begr\u00fc\u00dfte alle Frauen mit einem sch\u00f6nen Impuls, wie Handarbeiten der Pysche und dem K\u00f6rper helfen.<\/p>\n<p style=\"text-align: center;\"><a href=\"http:\/\/kfd-dipperz.de\/wp-content\/uploads\/2025\/04\/1.jpg\"><img loading=\"lazy\" decoding=\"async\" class=\"aligncenter wp-image-7131\" src=\"http:\/\/kfd-dipperz.de\/wp-content\/uploads\/2025\/04\/1.jpg\" alt=\"\" width=\"400\" height=\"423\" srcset=\"http:\/\/kfd-dipperz.de\/wp-content\/uploads\/2025\/04\/1.jpg 1493w, http:\/\/kfd-dipperz.de\/wp-content\/uploads\/2025\/04\/1-284x300.jpg 284w, http:\/\/kfd-dipperz.de\/wp-content\/uploads\/2025\/04\/1-969x1024.jpg 969w, http:\/\/kfd-dipperz.de\/wp-content\/uploads\/2025\/04\/1-768x811.jpg 768w, http:\/\/kfd-dipperz.de\/wp-content\/uploads\/2025\/04\/1-1454x1536.jpg 1454w\" sizes=\"auto, (max-width: 400px) 100vw, 400px\" \/><\/a><\/p>\n<p style=\"text-align: center;\">Zu Beginn wurde allen anwesenden Frauen gezeigt, was man handarbeitstechnisch alles herstellen kann.<\/p>\n<p style=\"text-align: center;\"><a href=\"http:\/\/kfd-dipperz.de\/wp-content\/uploads\/2025\/04\/2.jpg\"><img loading=\"lazy\" decoding=\"async\" class=\"aligncenter wp-image-7132\" src=\"http:\/\/kfd-dipperz.de\/wp-content\/uploads\/2025\/04\/2-300x271.jpg\" alt=\"\" width=\"400\" height=\"362\" srcset=\"http:\/\/kfd-dipperz.de\/wp-content\/uploads\/2025\/04\/2-300x271.jpg 300w, http:\/\/kfd-dipperz.de\/wp-content\/uploads\/2025\/04\/2-1024x926.jpg 1024w, http:\/\/kfd-dipperz.de\/wp-content\/uploads\/2025\/04\/2-768x694.jpg 768w, http:\/\/kfd-dipperz.de\/wp-content\/uploads\/2025\/04\/2-1536x1388.jpg 1536w, http:\/\/kfd-dipperz.de\/wp-content\/uploads\/2025\/04\/2.jpg 1749w\" sizes=\"auto, (max-width: 400px) 100vw, 400px\" \/><\/a><br \/>\nEs war f\u00fcr jede Frau was dabei und auch Neulinge wurden im Stricken und H\u00e4keln angeleitet.<\/p>\n<p style=\"text-align: center;\"><a href=\"http:\/\/kfd-dipperz.de\/wp-content\/uploads\/2025\/04\/3.jpg\"><img loading=\"lazy\" decoding=\"async\" class=\"aligncenter wp-image-7133\" src=\"http:\/\/kfd-dipperz.de\/wp-content\/uploads\/2025\/04\/3-300x213.jpg\" alt=\"\" width=\"400\" height=\"284\" srcset=\"http:\/\/kfd-dipperz.de\/wp-content\/uploads\/2025\/04\/3-300x213.jpg 300w, http:\/\/kfd-dipperz.de\/wp-content\/uploads\/2025\/04\/3-1024x726.jpg 1024w, http:\/\/kfd-dipperz.de\/wp-content\/uploads\/2025\/04\/3-768x544.jpg 768w, http:\/\/kfd-dipperz.de\/wp-content\/uploads\/2025\/04\/3-1536x1089.jpg 1536w, http:\/\/kfd-dipperz.de\/wp-content\/uploads\/2025\/04\/3.jpg 1762w\" sizes=\"auto, (max-width: 400px) 100vw, 400px\" \/><\/a><br \/>\nZur St\u00e4rkung gab es Kaffee und Kuchen.<br \/>\nAlle Frauen waren mit Freude dabei und freuen sich jetzt schon auf das n\u00e4chste Nadelgeklappere.<\/p>\n<p style=\"text-align: center;\">ngg_shortcode_0_placeholder<\/p>\n","protected":false},"excerpt":{"rendered":"<p>Am 31.03.25 hie\u00df es &#8222;Ran an die Nadeln!&#8220; Wir trafen uns zum 1. Mal zu einer gem\u00fctlichen Strick- und H\u00e4kelrunde im Pfarrheim Dipperz. Zahlreiche Frauen waren freudig unserer Einladung gefolgt. Barbara Walter begr\u00fc\u00dfte alle Frauen mit einem sch\u00f6nen Impuls, wie Handarbeiten der Pysche und dem K\u00f6rper helfen. Zu Beginn wurde allen anwesenden Frauen gezeigt, was &hellip; <a href=\"http:\/\/kfd-dipperz.de\/?page_id=7108\" class=\"more-link\"><span class=\"screen-reader-text\">Handarbeitsrunde 2025<\/span> weiterlesen<\/a><\/p>\n","protected":false},"author":2,"featured_media":0,"parent":0,"menu_order":0,"comment_status":"closed","ping_status":"closed","template":"","meta":{"ngg_post_thumbnail":0,"footnotes":""},"class_list":["post-7108","page","type-page","status-publish","hentry"],"_links":{"self":[{"href":"http:\/\/kfd-dipperz.de\/index.php?rest_route=\/wp\/v2\/pages\/7108","targetHints":{"allow":["GET"]}}],"collection":[{"href":"http:\/\/kfd-dipperz.de\/index.php?rest_route=\/wp\/v2\/pages"}],"about":[{"href":"http:\/\/kfd-dipperz.de\/index.php?rest_route=\/wp\/v2\/types\/page"}],"author":[{"embeddable":true,"href":"http:\/\/kfd-dipperz.de\/index.php?rest_route=\/wp\/v2\/users\/2"}],"replies":[{"embeddable":true,"href":"http:\/\/kfd-dipperz.de\/index.php?rest_route=%2Fwp%2Fv2%2Fcomments&post=7108"}],"version-history":[{"count":0,"href":"http:\/\/kfd-dipperz.de\/index.php?rest_route=\/wp\/v2\/pages\/7108\/revisions"}],"wp:attachment":[{"href":"http:\/\/kfd-dipperz.de\/index.php?rest_route=%2Fwp%2Fv2%2Fmedia&parent=7108"}],"curies":[{"name":"wp","href":"https:\/\/api.w.org\/{rel}","templated":true}]}}

<p style="text-align: center;">Am 31.03.25 hieß es &#8222;Ran an die Nadeln!&#8220;</p>
<p style="text-align: center;">Wir trafen uns zum 1. Mal zu einer gemütlichen Strick- und Häkelrunde im Pfarrheim Dipperz.<br />
Zahlreiche Frauen waren freudig unserer Einladung gefolgt.<br />
Barbara Walter begrüßte alle Frauen mit einem schönen Impuls, wie Handarbeiten der Pysche und dem Körper helfen.</p>
<p style="text-align: center;"><a href="http://kfd-dipperz.de/wp-content/uploads/2025/04/1.jpg"><img loading="lazy" decoding="async" class="aligncenter wp-image-7131" src="http://kfd-dipperz.de/wp-content/uploads/2025/04/1.jpg" alt="" width="400" height="423" srcset="http://kfd-dipperz.de/wp-content/uploads/2025/04/1.jpg 1493w, http://kfd-dipperz.de/wp-content/uploads/2025/04/1-284x300.jpg 284w, http://kfd-dipperz.de/wp-content/uploads/2025/04/1-969x1024.jpg 969w, http://kfd-dipperz.de/wp-content/uploads/2025/04/1-768x811.jpg 768w, http://kfd-dipperz.de/wp-content/uploads/2025/04/1-1454x1536.jpg 1454w" sizes="auto, (max-width: 400px) 100vw, 400px" /></a></p>
<p style="text-align: center;">Zu Beginn wurde allen anwesenden Frauen gezeigt, was man handarbeitstechnisch alles herstellen kann.</p>
<p style="text-align: center;"><a href="http://kfd-dipperz.de/wp-content/uploads/2025/04/2.jpg"><img loading="lazy" decoding="async" class="aligncenter wp-image-7132" src="http://kfd-dipperz.de/wp-content/uploads/2025/04/2-300x271.jpg" alt="" width="400" height="362" srcset="http://kfd-dipperz.de/wp-content/uploads/2025/04/2-300x271.jpg 300w, http://kfd-dipperz.de/wp-content/uploads/2025/04/2-1024x926.jpg 1024w, http://kfd-dipperz.de/wp-content/uploads/2025/04/2-768x694.jpg 768w, http://kfd-dipperz.de/wp-content/uploads/2025/04/2-1536x1388.jpg 1536w, http://kfd-dipperz.de/wp-content/uploads/2025/04/2.jpg 1749w" sizes="auto, (max-width: 400px) 100vw, 400px" /></a><br />
Es war für jede Frau was dabei und auch Neulinge wurden im Stricken und Häkeln angeleitet.</p>
<p style="text-align: center;"><a href="http://kfd-dipperz.de/wp-content/uploads/2025/04/3.jpg"><img loading="lazy" decoding="async" class="aligncenter wp-image-7133" src="http://kfd-dipperz.de/wp-content/uploads/2025/04/3-300x213.jpg" alt="" width="400" height="284" srcset="http://kfd-dipperz.de/wp-content/uploads/2025/04/3-300x213.jpg 300w, http://kfd-dipperz.de/wp-content/uploads/2025/04/3-1024x726.jpg 1024w, http://kfd-dipperz.de/wp-content/uploads/2025/04/3-768x544.jpg 768w, http://kfd-dipperz.de/wp-content/uploads/2025/04/3-1536x1089.jpg 1536w, http://kfd-dipperz.de/wp-content/uploads/2025/04/3.jpg 1762w" sizes="auto, (max-width: 400px) 100vw, 400px" /></a><br />
Zur Stärkung gab es Kaffee und Kuchen.<br />
Alle Frauen waren mit Freude dabei und freuen sich jetzt schon auf das nächste Nadelgeklappere.</p>
<p style="text-align: center;">ngg_shortcode_0_placeholder</p>

<p>Am 31.03.25 hieß es &#8222;Ran an die Nadeln!&#8220; Wir trafen uns zum 1. Mal zu einer gemütlichen Strick- und Häkelrunde im Pfarrheim Dipperz. Zahlreiche Frauen waren freudig unserer Einladung gefolgt. Barbara Walter begrüßte alle Frauen mit einem schönen Impuls, wie Handarbeiten der Pysche und dem Körper helfen. Zu Beginn wurde allen anwesenden Frauen gezeigt, was &hellip; <a href="http://kfd-dipperz.de/?page_id=7108" class="more-link"><span class="screen-reader-text">Handarbeitsrunde 2025</span> weiterlesen</a></p>
