{"id":6646,"date":"2024-09-07T08:48:37","date_gmt":"2024-09-07T06:48:37","guid":{"rendered":"http:\/\/kfd-dipperz.de\/?page_id=6646"},"modified":"2024-09-07T11:16:54","modified_gmt":"2024-09-07T09:16:54","slug":"schoepfungstag-2024","status":"publish","type":"page","link":"http:\/\/kfd-dipperz.de\/?page_id=6646","title":{"rendered":"Sch\u00f6pfungstag 2024"},"content":{"rendered":"<p>Unter dem diesj\u00e4hrigen Motto&nbsp; &#8222;Lass jubeln alle B\u00e4ume des Waldes&#8220; &nbsp;entnommen aus dem Psalm 96, fand am 06.09.2024 der diesj\u00e4hrige &#8222;\u00d6kumenische Sch\u00f6pfungstag&#8220; statt.<\/p>\n<p><a href=\"http:\/\/kfd-dipperz.de\/wp-content\/uploads\/2024\/09\/IMG-20240906-WA0006-scaled.jpg\"><img loading=\"lazy\" decoding=\"async\" class=\"aligncenter wp-image-6653 size-large\" src=\"http:\/\/kfd-dipperz.de\/wp-content\/uploads\/2024\/09\/IMG-20240906-WA0006-1024x628.jpg\" alt=\"\" width=\"660\" height=\"405\" srcset=\"http:\/\/kfd-dipperz.de\/wp-content\/uploads\/2024\/09\/IMG-20240906-WA0006-1024x628.jpg 1024w, http:\/\/kfd-dipperz.de\/wp-content\/uploads\/2024\/09\/IMG-20240906-WA0006-300x184.jpg 300w, http:\/\/kfd-dipperz.de\/wp-content\/uploads\/2024\/09\/IMG-20240906-WA0006-768x471.jpg 768w, http:\/\/kfd-dipperz.de\/wp-content\/uploads\/2024\/09\/IMG-20240906-WA0006-1536x941.jpg 1536w, http:\/\/kfd-dipperz.de\/wp-content\/uploads\/2024\/09\/IMG-20240906-WA0006-2048x1255.jpg 2048w\" sizes=\"auto, (max-width: 660px) 100vw, 660px\" \/><\/a><\/p>\n<p>Die Sprecherin der kfd Andrea Goldbach begr\u00fc\u00dfte zahlreiche Menschen, die sich auf den Weg zur Wiese im Ruhrgrund aufgemacht hatten.<\/p>\n<p><a href=\"http:\/\/kfd-dipperz.de\/wp-content\/uploads\/2024\/09\/IMG-20240906-WA0007-scaled.jpg\"><img loading=\"lazy\" decoding=\"async\" class=\"aligncenter wp-image-6651 size-large\" src=\"http:\/\/kfd-dipperz.de\/wp-content\/uploads\/2024\/09\/IMG-20240906-WA0007-1024x632.jpg\" alt=\"\" width=\"660\" height=\"407\" srcset=\"http:\/\/kfd-dipperz.de\/wp-content\/uploads\/2024\/09\/IMG-20240906-WA0007-1024x632.jpg 1024w, http:\/\/kfd-dipperz.de\/wp-content\/uploads\/2024\/09\/IMG-20240906-WA0007-300x185.jpg 300w, http:\/\/kfd-dipperz.de\/wp-content\/uploads\/2024\/09\/IMG-20240906-WA0007-768x474.jpg 768w, http:\/\/kfd-dipperz.de\/wp-content\/uploads\/2024\/09\/IMG-20240906-WA0007-1536x948.jpg 1536w, http:\/\/kfd-dipperz.de\/wp-content\/uploads\/2024\/09\/IMG-20240906-WA0007-2048x1264.jpg 2048w, http:\/\/kfd-dipperz.de\/wp-content\/uploads\/2024\/09\/IMG-20240906-WA0007-825x510.jpg 825w\" sizes=\"auto, (max-width: 660px) 100vw, 660px\" \/><\/a><br \/>\nUmgeben von sch\u00f6ner Natur und B\u00e4umen hatten die Frauen der ev. Kirchengemeinde Dipperz-Bieberstein zusammen mit den Frauen der kfd Sankt Antonius eine wunderbare Andacht mit dazu passenden Liedern vorbereitet.<\/p>\n<p><a href=\"http:\/\/kfd-dipperz.de\/wp-content\/uploads\/2024\/09\/IMG-20240906-WA0028-scaled.jpg\"><img loading=\"lazy\" decoding=\"async\" class=\"aligncenter wp-image-6655 size-large\" src=\"http:\/\/kfd-dipperz.de\/wp-content\/uploads\/2024\/09\/IMG-20240906-WA0028-1024x473.jpg\" alt=\"\" width=\"660\" height=\"305\" srcset=\"http:\/\/kfd-dipperz.de\/wp-content\/uploads\/2024\/09\/IMG-20240906-WA0028-1024x473.jpg 1024w, http:\/\/kfd-dipperz.de\/wp-content\/uploads\/2024\/09\/IMG-20240906-WA0028-300x139.jpg 300w, http:\/\/kfd-dipperz.de\/wp-content\/uploads\/2024\/09\/IMG-20240906-WA0028-768x355.jpg 768w, http:\/\/kfd-dipperz.de\/wp-content\/uploads\/2024\/09\/IMG-20240906-WA0028-1536x710.jpg 1536w, http:\/\/kfd-dipperz.de\/wp-content\/uploads\/2024\/09\/IMG-20240906-WA0028-2048x946.jpg 2048w\" sizes=\"auto, (max-width: 660px) 100vw, 660px\" \/><\/a><br \/>\nIn der Andacht beteten Sie um Gottes Beistand und Bewahrung und als Aufforderung an uns Alle, den B\u00e4umen und W\u00e4ldern wieder zu urspr\u00fcnglicher St\u00e4rke zur\u00fcck zu verhelfen, dass neue B\u00e4ume an rechten Orten und zur rechten Zeit gepflanzt werden und dass diese reiche Fr\u00fcchte tragen.<br \/>\nSie beteten um die Sch\u00f6nheit und den Schutz der W\u00e4lder, dass nachhaltig mit unseren Ressourcen umgegangen wird, dass die Bedeutung der B\u00e4ume gesch\u00e4tzt wird und um die Erhaltung der B\u00e4ume auf der ganzen Welt.<\/p>\n<p><a href=\"http:\/\/kfd-dipperz.de\/wp-content\/uploads\/2024\/09\/IMG-20240906-WA0009-scaled.jpg\"><img loading=\"lazy\" decoding=\"async\" class=\"aligncenter wp-image-6664 size-large\" src=\"http:\/\/kfd-dipperz.de\/wp-content\/uploads\/2024\/09\/IMG-20240906-WA0009-1024x427.jpg\" alt=\"\" width=\"660\" height=\"275\" srcset=\"http:\/\/kfd-dipperz.de\/wp-content\/uploads\/2024\/09\/IMG-20240906-WA0009-1024x427.jpg 1024w, http:\/\/kfd-dipperz.de\/wp-content\/uploads\/2024\/09\/IMG-20240906-WA0009-300x125.jpg 300w, http:\/\/kfd-dipperz.de\/wp-content\/uploads\/2024\/09\/IMG-20240906-WA0009-768x320.jpg 768w, http:\/\/kfd-dipperz.de\/wp-content\/uploads\/2024\/09\/IMG-20240906-WA0009-1536x640.jpg 1536w, http:\/\/kfd-dipperz.de\/wp-content\/uploads\/2024\/09\/IMG-20240906-WA0009-2048x854.jpg 2048w\" sizes=\"auto, (max-width: 660px) 100vw, 660px\" \/><\/a><br \/>\nMit einer Baummeditation endete die Andacht untermalt mit dem Lied &#8222;Alt wie ein Baum, m\u00f6chte ich werden&#8220; von den Puhdys.<br \/>\nAndrea Goldbach bedankte sich bei allen B\u00fcrgerinnen und B\u00fcrgern f\u00fcr ihr Kommen und das gemeinsame Gebet.<\/p>\n<p><a href=\"http:\/\/kfd-dipperz.de\/wp-content\/uploads\/2024\/09\/IMG-20240906-WA0030.jpg\"><img loading=\"lazy\" decoding=\"async\" class=\"aligncenter wp-image-6662 size-large\" src=\"http:\/\/kfd-dipperz.de\/wp-content\/uploads\/2024\/09\/IMG-20240906-WA0030-1024x608.jpg\" alt=\"\" width=\"660\" height=\"392\" srcset=\"http:\/\/kfd-dipperz.de\/wp-content\/uploads\/2024\/09\/IMG-20240906-WA0030-1024x608.jpg 1024w, http:\/\/kfd-dipperz.de\/wp-content\/uploads\/2024\/09\/IMG-20240906-WA0030-300x178.jpg 300w, http:\/\/kfd-dipperz.de\/wp-content\/uploads\/2024\/09\/IMG-20240906-WA0030-768x456.jpg 768w, http:\/\/kfd-dipperz.de\/wp-content\/uploads\/2024\/09\/IMG-20240906-WA0030-1536x912.jpg 1536w, http:\/\/kfd-dipperz.de\/wp-content\/uploads\/2024\/09\/IMG-20240906-WA0030.jpg 1848w\" sizes=\"auto, (max-width: 660px) 100vw, 660px\" \/><\/a><br \/>\nZur Erinnerung an den heutigen Tag hatte das Sch\u00f6pfungstag-Team eine kleine Baumscheibe zum Mitnehmen f\u00fcr alle Anwesenden vorbereitet.<\/p>\n<p><a href=\"http:\/\/kfd-dipperz.de\/wp-content\/uploads\/2024\/09\/IMG-20240906-WA0005.jpg\"><img loading=\"lazy\" decoding=\"async\" class=\"aligncenter wp-image-6659\" src=\"http:\/\/kfd-dipperz.de\/wp-content\/uploads\/2024\/09\/IMG-20240906-WA0005-837x1024.jpg\" alt=\"\" width=\"400\" height=\"489\" srcset=\"http:\/\/kfd-dipperz.de\/wp-content\/uploads\/2024\/09\/IMG-20240906-WA0005-837x1024.jpg 837w, http:\/\/kfd-dipperz.de\/wp-content\/uploads\/2024\/09\/IMG-20240906-WA0005-245x300.jpg 245w, http:\/\/kfd-dipperz.de\/wp-content\/uploads\/2024\/09\/IMG-20240906-WA0005-768x940.jpg 768w, http:\/\/kfd-dipperz.de\/wp-content\/uploads\/2024\/09\/IMG-20240906-WA0005-1255x1536.jpg 1255w, http:\/\/kfd-dipperz.de\/wp-content\/uploads\/2024\/09\/IMG-20240906-WA0005-1674x2048.jpg 1674w, http:\/\/kfd-dipperz.de\/wp-content\/uploads\/2024\/09\/IMG-20240906-WA0005.jpg 1848w\" sizes=\"auto, (max-width: 400px) 100vw, 400px\" \/><\/a><br \/>\nZum Abschluss spendete der ev. Pfarrer Weber-Weigelt allen Anwesenden den Segen, indem der Segen von einem zum anderen Menschen \u00fcber die H\u00e4nde weitergegeben wurde.<\/p>\n<p><a href=\"http:\/\/kfd-dipperz.de\/wp-content\/uploads\/2024\/09\/IMG-20240906-WA0025.jpg\"><img loading=\"lazy\" decoding=\"async\" class=\"aligncenter wp-image-6657 size-large\" src=\"http:\/\/kfd-dipperz.de\/wp-content\/uploads\/2024\/09\/IMG-20240906-WA0025-1024x787.jpg\" alt=\"\" width=\"660\" height=\"507\" srcset=\"http:\/\/kfd-dipperz.de\/wp-content\/uploads\/2024\/09\/IMG-20240906-WA0025-1024x787.jpg 1024w, http:\/\/kfd-dipperz.de\/wp-content\/uploads\/2024\/09\/IMG-20240906-WA0025-300x230.jpg 300w, http:\/\/kfd-dipperz.de\/wp-content\/uploads\/2024\/09\/IMG-20240906-WA0025-768x590.jpg 768w, http:\/\/kfd-dipperz.de\/wp-content\/uploads\/2024\/09\/IMG-20240906-WA0025-1536x1180.jpg 1536w, http:\/\/kfd-dipperz.de\/wp-content\/uploads\/2024\/09\/IMG-20240906-WA0025.jpg 1683w\" sizes=\"auto, (max-width: 660px) 100vw, 660px\" \/><\/a><br \/>\nDies sorgte f\u00fcr Freude bei allen Anwesenden und man gesellte sich noch zu einem kurzen Gespr\u00e4ch zusammen.<br \/>\nWir bedanken uns nochmal herzlich bei Familie Leibold, dass wir den diesj\u00e4hrigen Sch\u00f6pfungstag auf der Wiese hinter dem Ideenreich ausrichten durften.<\/p>\n","protected":false},"excerpt":{"rendered":"<p>Unter dem diesj\u00e4hrigen Motto&nbsp; &#8222;Lass jubeln alle B\u00e4ume des Waldes&#8220; &nbsp;entnommen aus dem Psalm 96, fand am 06.09.2024 der diesj\u00e4hrige &#8222;\u00d6kumenische Sch\u00f6pfungstag&#8220; statt. Die Sprecherin der kfd Andrea Goldbach begr\u00fc\u00dfte zahlreiche Menschen, die sich auf den Weg zur Wiese im Ruhrgrund aufgemacht hatten. Umgeben von sch\u00f6ner Natur und B\u00e4umen hatten die Frauen der ev. Kirchengemeinde &hellip; <a href=\"http:\/\/kfd-dipperz.de\/?page_id=6646\" class=\"more-link\"><span class=\"screen-reader-text\">Sch\u00f6pfungstag 2024<\/span> weiterlesen<\/a><\/p>\n","protected":false},"author":2,"featured_media":0,"parent":0,"menu_order":0,"comment_status":"closed","ping_status":"closed","template":"","meta":{"ngg_post_thumbnail":0,"footnotes":""},"class_list":["post-6646","page","type-page","status-publish","hentry"],"_links":{"self":[{"href":"http:\/\/kfd-dipperz.de\/index.php?rest_route=\/wp\/v2\/pages\/6646","targetHints":{"allow":["GET"]}}],"collection":[{"href":"http:\/\/kfd-dipperz.de\/index.php?rest_route=\/wp\/v2\/pages"}],"about":[{"href":"http:\/\/kfd-dipperz.de\/index.php?rest_route=\/wp\/v2\/types\/page"}],"author":[{"embeddable":true,"href":"http:\/\/kfd-dipperz.de\/index.php?rest_route=\/wp\/v2\/users\/2"}],"replies":[{"embeddable":true,"href":"http:\/\/kfd-dipperz.de\/index.php?rest_route=%2Fwp%2Fv2%2Fcomments&post=6646"}],"version-history":[{"count":0,"href":"http:\/\/kfd-dipperz.de\/index.php?rest_route=\/wp\/v2\/pages\/6646\/revisions"}],"wp:attachment":[{"href":"http:\/\/kfd-dipperz.de\/index.php?rest_route=%2Fwp%2Fv2%2Fmedia&parent=6646"}],"curies":[{"name":"wp","href":"https:\/\/api.w.org\/{rel}","templated":true}]}}

Schöpfungstag 2024

<p>Unter dem diesjährigen Motto&nbsp; &#8222;Lass jubeln alle Bäume des Waldes&#8220; &nbsp;entnommen aus dem Psalm 96, fand am 06.09.2024 der diesjährige &#8222;Ökumenische Schöpfungstag&#8220; statt.</p>
<p><a href="http://kfd-dipperz.de/wp-content/uploads/2024/09/IMG-20240906-WA0006-scaled.jpg"><img loading="lazy" decoding="async" class="aligncenter wp-image-6653 size-large" src="http://kfd-dipperz.de/wp-content/uploads/2024/09/IMG-20240906-WA0006-1024x628.jpg" alt="" width="660" height="405" srcset="http://kfd-dipperz.de/wp-content/uploads/2024/09/IMG-20240906-WA0006-1024x628.jpg 1024w, http://kfd-dipperz.de/wp-content/uploads/2024/09/IMG-20240906-WA0006-300x184.jpg 300w, http://kfd-dipperz.de/wp-content/uploads/2024/09/IMG-20240906-WA0006-768x471.jpg 768w, http://kfd-dipperz.de/wp-content/uploads/2024/09/IMG-20240906-WA0006-1536x941.jpg 1536w, http://kfd-dipperz.de/wp-content/uploads/2024/09/IMG-20240906-WA0006-2048x1255.jpg 2048w" sizes="auto, (max-width: 660px) 100vw, 660px" /></a></p>
<p>Die Sprecherin der kfd Andrea Goldbach begrüßte zahlreiche Menschen, die sich auf den Weg zur Wiese im Ruhrgrund aufgemacht hatten.</p>
<p><a href="http://kfd-dipperz.de/wp-content/uploads/2024/09/IMG-20240906-WA0007-scaled.jpg"><img loading="lazy" decoding="async" class="aligncenter wp-image-6651 size-large" src="http://kfd-dipperz.de/wp-content/uploads/2024/09/IMG-20240906-WA0007-1024x632.jpg" alt="" width="660" height="407" srcset="http://kfd-dipperz.de/wp-content/uploads/2024/09/IMG-20240906-WA0007-1024x632.jpg 1024w, http://kfd-dipperz.de/wp-content/uploads/2024/09/IMG-20240906-WA0007-300x185.jpg 300w, http://kfd-dipperz.de/wp-content/uploads/2024/09/IMG-20240906-WA0007-768x474.jpg 768w, http://kfd-dipperz.de/wp-content/uploads/2024/09/IMG-20240906-WA0007-1536x948.jpg 1536w, http://kfd-dipperz.de/wp-content/uploads/2024/09/IMG-20240906-WA0007-2048x1264.jpg 2048w, http://kfd-dipperz.de/wp-content/uploads/2024/09/IMG-20240906-WA0007-825x510.jpg 825w" sizes="auto, (max-width: 660px) 100vw, 660px" /></a><br />
Umgeben von schöner Natur und Bäumen hatten die Frauen der ev. Kirchengemeinde Dipperz-Bieberstein zusammen mit den Frauen der kfd Sankt Antonius eine wunderbare Andacht mit dazu passenden Liedern vorbereitet.</p>
<p><a href="http://kfd-dipperz.de/wp-content/uploads/2024/09/IMG-20240906-WA0028-scaled.jpg"><img loading="lazy" decoding="async" class="aligncenter wp-image-6655 size-large" src="http://kfd-dipperz.de/wp-content/uploads/2024/09/IMG-20240906-WA0028-1024x473.jpg" alt="" width="660" height="305" srcset="http://kfd-dipperz.de/wp-content/uploads/2024/09/IMG-20240906-WA0028-1024x473.jpg 1024w, http://kfd-dipperz.de/wp-content/uploads/2024/09/IMG-20240906-WA0028-300x139.jpg 300w, http://kfd-dipperz.de/wp-content/uploads/2024/09/IMG-20240906-WA0028-768x355.jpg 768w, http://kfd-dipperz.de/wp-content/uploads/2024/09/IMG-20240906-WA0028-1536x710.jpg 1536w, http://kfd-dipperz.de/wp-content/uploads/2024/09/IMG-20240906-WA0028-2048x946.jpg 2048w" sizes="auto, (max-width: 660px) 100vw, 660px" /></a><br />
In der Andacht beteten Sie um Gottes Beistand und Bewahrung und als Aufforderung an uns Alle, den Bäumen und Wäldern wieder zu ursprünglicher Stärke zurück zu verhelfen, dass neue Bäume an rechten Orten und zur rechten Zeit gepflanzt werden und dass diese reiche Früchte tragen.<br />
Sie beteten um die Schönheit und den Schutz der Wälder, dass nachhaltig mit unseren Ressourcen umgegangen wird, dass die Bedeutung der Bäume geschätzt wird und um die Erhaltung der Bäume auf der ganzen Welt.</p>
<p><a href="http://kfd-dipperz.de/wp-content/uploads/2024/09/IMG-20240906-WA0009-scaled.jpg"><img loading="lazy" decoding="async" class="aligncenter wp-image-6664 size-large" src="http://kfd-dipperz.de/wp-content/uploads/2024/09/IMG-20240906-WA0009-1024x427.jpg" alt="" width="660" height="275" srcset="http://kfd-dipperz.de/wp-content/uploads/2024/09/IMG-20240906-WA0009-1024x427.jpg 1024w, http://kfd-dipperz.de/wp-content/uploads/2024/09/IMG-20240906-WA0009-300x125.jpg 300w, http://kfd-dipperz.de/wp-content/uploads/2024/09/IMG-20240906-WA0009-768x320.jpg 768w, http://kfd-dipperz.de/wp-content/uploads/2024/09/IMG-20240906-WA0009-1536x640.jpg 1536w, http://kfd-dipperz.de/wp-content/uploads/2024/09/IMG-20240906-WA0009-2048x854.jpg 2048w" sizes="auto, (max-width: 660px) 100vw, 660px" /></a><br />
Mit einer Baummeditation endete die Andacht untermalt mit dem Lied &#8222;Alt wie ein Baum, möchte ich werden&#8220; von den Puhdys.<br />
Andrea Goldbach bedankte sich bei allen Bürgerinnen und Bürgern für ihr Kommen und das gemeinsame Gebet.</p>
<p><a href="http://kfd-dipperz.de/wp-content/uploads/2024/09/IMG-20240906-WA0030.jpg"><img loading="lazy" decoding="async" class="aligncenter wp-image-6662 size-large" src="http://kfd-dipperz.de/wp-content/uploads/2024/09/IMG-20240906-WA0030-1024x608.jpg" alt="" width="660" height="392" srcset="http://kfd-dipperz.de/wp-content/uploads/2024/09/IMG-20240906-WA0030-1024x608.jpg 1024w, http://kfd-dipperz.de/wp-content/uploads/2024/09/IMG-20240906-WA0030-300x178.jpg 300w, http://kfd-dipperz.de/wp-content/uploads/2024/09/IMG-20240906-WA0030-768x456.jpg 768w, http://kfd-dipperz.de/wp-content/uploads/2024/09/IMG-20240906-WA0030-1536x912.jpg 1536w, http://kfd-dipperz.de/wp-content/uploads/2024/09/IMG-20240906-WA0030.jpg 1848w" sizes="auto, (max-width: 660px) 100vw, 660px" /></a><br />
Zur Erinnerung an den heutigen Tag hatte das Schöpfungstag-Team eine kleine Baumscheibe zum Mitnehmen für alle Anwesenden vorbereitet.</p>
<p><a href="http://kfd-dipperz.de/wp-content/uploads/2024/09/IMG-20240906-WA0005.jpg"><img loading="lazy" decoding="async" class="aligncenter wp-image-6659" src="http://kfd-dipperz.de/wp-content/uploads/2024/09/IMG-20240906-WA0005-837x1024.jpg" alt="" width="400" height="489" srcset="http://kfd-dipperz.de/wp-content/uploads/2024/09/IMG-20240906-WA0005-837x1024.jpg 837w, http://kfd-dipperz.de/wp-content/uploads/2024/09/IMG-20240906-WA0005-245x300.jpg 245w, http://kfd-dipperz.de/wp-content/uploads/2024/09/IMG-20240906-WA0005-768x940.jpg 768w, http://kfd-dipperz.de/wp-content/uploads/2024/09/IMG-20240906-WA0005-1255x1536.jpg 1255w, http://kfd-dipperz.de/wp-content/uploads/2024/09/IMG-20240906-WA0005-1674x2048.jpg 1674w, http://kfd-dipperz.de/wp-content/uploads/2024/09/IMG-20240906-WA0005.jpg 1848w" sizes="auto, (max-width: 400px) 100vw, 400px" /></a><br />
Zum Abschluss spendete der ev. Pfarrer Weber-Weigelt allen Anwesenden den Segen, indem der Segen von einem zum anderen Menschen über die Hände weitergegeben wurde.</p>
<p><a href="http://kfd-dipperz.de/wp-content/uploads/2024/09/IMG-20240906-WA0025.jpg"><img loading="lazy" decoding="async" class="aligncenter wp-image-6657 size-large" src="http://kfd-dipperz.de/wp-content/uploads/2024/09/IMG-20240906-WA0025-1024x787.jpg" alt="" width="660" height="507" srcset="http://kfd-dipperz.de/wp-content/uploads/2024/09/IMG-20240906-WA0025-1024x787.jpg 1024w, http://kfd-dipperz.de/wp-content/uploads/2024/09/IMG-20240906-WA0025-300x230.jpg 300w, http://kfd-dipperz.de/wp-content/uploads/2024/09/IMG-20240906-WA0025-768x590.jpg 768w, http://kfd-dipperz.de/wp-content/uploads/2024/09/IMG-20240906-WA0025-1536x1180.jpg 1536w, http://kfd-dipperz.de/wp-content/uploads/2024/09/IMG-20240906-WA0025.jpg 1683w" sizes="auto, (max-width: 660px) 100vw, 660px" /></a><br />
Dies sorgte für Freude bei allen Anwesenden und man gesellte sich noch zu einem kurzen Gespräch zusammen.<br />
Wir bedanken uns nochmal herzlich bei Familie Leibold, dass wir den diesjährigen Schöpfungstag auf der Wiese hinter dem Ideenreich ausrichten durften.</p>

<p>Unter dem diesjährigen Motto&nbsp; &#8222;Lass jubeln alle Bäume des Waldes&#8220; &nbsp;entnommen aus dem Psalm 96, fand am 06.09.2024 der diesjährige &#8222;Ökumenische Schöpfungstag&#8220; statt. Die Sprecherin der kfd Andrea Goldbach begrüßte zahlreiche Menschen, die sich auf den Weg zur Wiese im Ruhrgrund aufgemacht hatten. Umgeben von schöner Natur und Bäumen hatten die Frauen der ev. Kirchengemeinde &hellip; <a href="http://kfd-dipperz.de/?page_id=6646" class="more-link"><span class="screen-reader-text">Schöpfungstag 2024</span> weiterlesen</a></p>
