{"id":5405,"date":"2024-03-27T10:08:25","date_gmt":"2024-03-27T09:08:25","guid":{"rendered":"http:\/\/kfd-dipperz.de\/?page_id=5405"},"modified":"2025-02-18T06:54:39","modified_gmt":"2025-02-18T05:54:39","slug":"jahreshauptversammlung-2024","status":"publish","type":"page","link":"http:\/\/kfd-dipperz.de\/?page_id=5405","title":{"rendered":"Jahreshauptversammlung 2024"},"content":{"rendered":"<p>Am 20.03.2024 fand die j\u00e4hrliche Jahreshauptversammlung der kfd Sankt Antonius Dipperz statt.<\/p>\n<p><a href=\"http:\/\/kfd-dipperz.de\/wp-content\/uploads\/2024\/03\/04_20240320_185326-scaled.jpg\"><img loading=\"lazy\" decoding=\"async\" class=\"aligncenter wp-image-5412 size-large\" src=\"http:\/\/kfd-dipperz.de\/wp-content\/uploads\/2024\/03\/04_20240320_185326-1024x473.jpg\" alt=\"\" width=\"660\" height=\"305\" srcset=\"http:\/\/kfd-dipperz.de\/wp-content\/uploads\/2024\/03\/04_20240320_185326-1024x473.jpg 1024w, http:\/\/kfd-dipperz.de\/wp-content\/uploads\/2024\/03\/04_20240320_185326-300x139.jpg 300w, http:\/\/kfd-dipperz.de\/wp-content\/uploads\/2024\/03\/04_20240320_185326-768x355.jpg 768w, http:\/\/kfd-dipperz.de\/wp-content\/uploads\/2024\/03\/04_20240320_185326-1536x710.jpg 1536w, http:\/\/kfd-dipperz.de\/wp-content\/uploads\/2024\/03\/04_20240320_185326-2048x946.jpg 2048w\" sizes=\"auto, (max-width: 660px) 100vw, 660px\" \/><\/a><\/p>\n<p>Die Sprecherin Andrea Goldbach begr\u00fc\u00dfte alle anwesenden Frauen im sch\u00f6n eingedeckten B\u00fcrgerhaus.<\/p>\n<p><a href=\"http:\/\/kfd-dipperz.de\/wp-content\/uploads\/2024\/03\/03_20240320_192243-scaled.jpg\"><img loading=\"lazy\" decoding=\"async\" class=\"aligncenter wp-image-5411 size-large\" src=\"http:\/\/kfd-dipperz.de\/wp-content\/uploads\/2024\/03\/03_20240320_192243-473x1024.jpg\" alt=\"\" width=\"473\" height=\"1024\" srcset=\"http:\/\/kfd-dipperz.de\/wp-content\/uploads\/2024\/03\/03_20240320_192243-473x1024.jpg 473w, http:\/\/kfd-dipperz.de\/wp-content\/uploads\/2024\/03\/03_20240320_192243-139x300.jpg 139w, http:\/\/kfd-dipperz.de\/wp-content\/uploads\/2024\/03\/03_20240320_192243-768x1662.jpg 768w, http:\/\/kfd-dipperz.de\/wp-content\/uploads\/2024\/03\/03_20240320_192243-710x1536.jpg 710w, http:\/\/kfd-dipperz.de\/wp-content\/uploads\/2024\/03\/03_20240320_192243-946x2048.jpg 946w, http:\/\/kfd-dipperz.de\/wp-content\/uploads\/2024\/03\/03_20240320_192243-scaled.jpg 1183w\" sizes=\"auto, (max-width: 473px) 100vw, 473px\" \/><\/a><\/p>\n<p>Nach der Begr\u00fc\u00dfung wurde zun\u00e4chst an die verstorbenen kfd-Mitgliederinnen gedacht.<\/p>\n<p><a href=\"http:\/\/kfd-dipperz.de\/wp-content\/uploads\/2024\/03\/05_20240320_191002-scaled.jpg\"><img loading=\"lazy\" decoding=\"async\" class=\"aligncenter wp-image-5413 size-large\" src=\"http:\/\/kfd-dipperz.de\/wp-content\/uploads\/2024\/03\/05_20240320_191002-1024x473.jpg\" alt=\"\" width=\"660\" height=\"305\" srcset=\"http:\/\/kfd-dipperz.de\/wp-content\/uploads\/2024\/03\/05_20240320_191002-1024x473.jpg 1024w, http:\/\/kfd-dipperz.de\/wp-content\/uploads\/2024\/03\/05_20240320_191002-300x139.jpg 300w, http:\/\/kfd-dipperz.de\/wp-content\/uploads\/2024\/03\/05_20240320_191002-768x355.jpg 768w, http:\/\/kfd-dipperz.de\/wp-content\/uploads\/2024\/03\/05_20240320_191002-1536x710.jpg 1536w, http:\/\/kfd-dipperz.de\/wp-content\/uploads\/2024\/03\/05_20240320_191002-2048x946.jpg 2048w\" sizes=\"auto, (max-width: 660px) 100vw, 660px\" \/><\/a><\/p>\n<p>Danach begr\u00fc\u00dfte unsere Sprecherin vier neue Mitgliederinnen im Kreise der kfd Dipperz.<\/p>\n<p>Sie bedankte sich bei Andrea Link, Heidrun Herbst, Brigitte Leitsch und Gaby Woschek (fehlte) f\u00fcr die Bereitschaft in der kfd mitzuwirken.<\/p>\n<p>\u00dcber ihre 30j\u00e4hrige Mitgliedschaft konnten sich Emmi Trapp, Emmi M\u00fcller, Brunhilde M\u00fcller (fehlte) und Gisela Seuring freuen. Andrea Goldbach ehrte die anwesenden Frauen mit einer Urkunde und einem kleinen Blumenpr\u00e4sent.<\/p>\n<p><a href=\"http:\/\/kfd-dipperz.de\/wp-content\/uploads\/2024\/03\/01_20240320_191840.jpg\"><img loading=\"lazy\" decoding=\"async\" class=\"aligncenter wp-image-5409 size-large\" src=\"http:\/\/kfd-dipperz.de\/wp-content\/uploads\/2024\/03\/01_20240320_191840-1024x906.jpg\" alt=\"\" width=\"660\" height=\"584\" srcset=\"http:\/\/kfd-dipperz.de\/wp-content\/uploads\/2024\/03\/01_20240320_191840-1024x906.jpg 1024w, http:\/\/kfd-dipperz.de\/wp-content\/uploads\/2024\/03\/01_20240320_191840-300x266.jpg 300w, http:\/\/kfd-dipperz.de\/wp-content\/uploads\/2024\/03\/01_20240320_191840-768x680.jpg 768w, http:\/\/kfd-dipperz.de\/wp-content\/uploads\/2024\/03\/01_20240320_191840-1536x1359.jpg 1536w, http:\/\/kfd-dipperz.de\/wp-content\/uploads\/2024\/03\/01_20240320_191840-2048x1813.jpg 2048w\" sizes=\"auto, (max-width: 660px) 100vw, 660px\" \/><\/a><\/p>\n<p>Die Sprecherin informierte die Versammlung, dass das Vakanzjahr vorbei sei und die einzelnen Teams sehr gut gearbeitet h\u00e4tten und auch neue Team-Mitarbeiterinnen dazu gewonnen werden konnten und man positiv in die Zukunft der kfd Dipperz blicken k\u00f6nne.<\/p>\n<p>Im Anschluss daran gaben Karin Brill und Alexandra \u00dcbelacker einen sch\u00f6nen Jahresr\u00fcckblick in Bildern wieder.<\/p>\n<p>Andrea Goldbach informierte die Versammlung \u00fcber neue Termine in 2024.<\/p>\n<p>Zum Abschluss hie\u00df es Abschied nehmen: Alexandra \u00dcbelacker und Karin Brill wurden nach 17 Jahren\/13 Jahren Arbeit im Leitungsteam aus dem Vorstand verabschiedet. Andrea Goldbach dankte Ihnen f\u00fcr die lange Zeit und ihr Wirken in der kfd mit einer Dankesurkunde und einem kleinen Pr\u00e4sent.<\/p>\n<p><a href=\"http:\/\/kfd-dipperz.de\/wp-content\/uploads\/2024\/03\/08_20240320_204343.jpg\"><img loading=\"lazy\" decoding=\"async\" class=\"aligncenter wp-image-5416 size-large\" src=\"http:\/\/kfd-dipperz.de\/wp-content\/uploads\/2024\/03\/08_20240320_204343-844x1024.jpg\" alt=\"\" width=\"660\" height=\"801\" srcset=\"http:\/\/kfd-dipperz.de\/wp-content\/uploads\/2024\/03\/08_20240320_204343-844x1024.jpg 844w, http:\/\/kfd-dipperz.de\/wp-content\/uploads\/2024\/03\/08_20240320_204343-247x300.jpg 247w, http:\/\/kfd-dipperz.de\/wp-content\/uploads\/2024\/03\/08_20240320_204343-768x932.jpg 768w, http:\/\/kfd-dipperz.de\/wp-content\/uploads\/2024\/03\/08_20240320_204343-1266x1536.jpg 1266w, http:\/\/kfd-dipperz.de\/wp-content\/uploads\/2024\/03\/08_20240320_204343.jpg 1465w\" sizes=\"auto, (max-width: 660px) 100vw, 660px\" \/><\/a><\/p>\n<p>Zum Ende der Versammlung verbrachten unsere Frauen gem\u00fctlich bei einem leckeren Imbiss und guten Gespr\u00e4chen noch ein paar sch\u00f6ne Stunden zusammen.<\/p>\n","protected":false},"excerpt":{"rendered":"<p>Am 20.03.2024 fand die j\u00e4hrliche Jahreshauptversammlung der kfd Sankt Antonius Dipperz statt. Die Sprecherin Andrea Goldbach begr\u00fc\u00dfte alle anwesenden Frauen im sch\u00f6n eingedeckten B\u00fcrgerhaus. Nach der Begr\u00fc\u00dfung wurde zun\u00e4chst an die verstorbenen kfd-Mitgliederinnen gedacht. Danach begr\u00fc\u00dfte unsere Sprecherin vier neue Mitgliederinnen im Kreise der kfd Dipperz. Sie bedankte sich bei Andrea Link, Heidrun Herbst, Brigitte &hellip; <a href=\"http:\/\/kfd-dipperz.de\/?page_id=5405\" class=\"more-link\"><span class=\"screen-reader-text\">Jahreshauptversammlung 2024<\/span> weiterlesen<\/a><\/p>\n","protected":false},"author":2,"featured_media":0,"parent":0,"menu_order":0,"comment_status":"closed","ping_status":"closed","template":"","meta":{"ngg_post_thumbnail":0,"footnotes":""},"class_list":["post-5405","page","type-page","status-publish","hentry"],"_links":{"self":[{"href":"http:\/\/kfd-dipperz.de\/index.php?rest_route=\/wp\/v2\/pages\/5405","targetHints":{"allow":["GET"]}}],"collection":[{"href":"http:\/\/kfd-dipperz.de\/index.php?rest_route=\/wp\/v2\/pages"}],"about":[{"href":"http:\/\/kfd-dipperz.de\/index.php?rest_route=\/wp\/v2\/types\/page"}],"author":[{"embeddable":true,"href":"http:\/\/kfd-dipperz.de\/index.php?rest_route=\/wp\/v2\/users\/2"}],"replies":[{"embeddable":true,"href":"http:\/\/kfd-dipperz.de\/index.php?rest_route=%2Fwp%2Fv2%2Fcomments&post=5405"}],"version-history":[{"count":0,"href":"http:\/\/kfd-dipperz.de\/index.php?rest_route=\/wp\/v2\/pages\/5405\/revisions"}],"wp:attachment":[{"href":"http:\/\/kfd-dipperz.de\/index.php?rest_route=%2Fwp%2Fv2%2Fmedia&parent=5405"}],"curies":[{"name":"wp","href":"https:\/\/api.w.org\/{rel}","templated":true}]}}

<p>Am 20.03.2024 fand die jährliche Jahreshauptversammlung der kfd Sankt Antonius Dipperz statt.</p>
<p><a href="http://kfd-dipperz.de/wp-content/uploads/2024/03/04_20240320_185326-scaled.jpg"><img loading="lazy" decoding="async" class="aligncenter wp-image-5412 size-large" src="http://kfd-dipperz.de/wp-content/uploads/2024/03/04_20240320_185326-1024x473.jpg" alt="" width="660" height="305" srcset="http://kfd-dipperz.de/wp-content/uploads/2024/03/04_20240320_185326-1024x473.jpg 1024w, http://kfd-dipperz.de/wp-content/uploads/2024/03/04_20240320_185326-300x139.jpg 300w, http://kfd-dipperz.de/wp-content/uploads/2024/03/04_20240320_185326-768x355.jpg 768w, http://kfd-dipperz.de/wp-content/uploads/2024/03/04_20240320_185326-1536x710.jpg 1536w, http://kfd-dipperz.de/wp-content/uploads/2024/03/04_20240320_185326-2048x946.jpg 2048w" sizes="auto, (max-width: 660px) 100vw, 660px" /></a></p>
<p>Die Sprecherin Andrea Goldbach begrüßte alle anwesenden Frauen im schön eingedeckten Bürgerhaus.</p>
<p><a href="http://kfd-dipperz.de/wp-content/uploads/2024/03/03_20240320_192243-scaled.jpg"><img loading="lazy" decoding="async" class="aligncenter wp-image-5411 size-large" src="http://kfd-dipperz.de/wp-content/uploads/2024/03/03_20240320_192243-473x1024.jpg" alt="" width="473" height="1024" srcset="http://kfd-dipperz.de/wp-content/uploads/2024/03/03_20240320_192243-473x1024.jpg 473w, http://kfd-dipperz.de/wp-content/uploads/2024/03/03_20240320_192243-139x300.jpg 139w, http://kfd-dipperz.de/wp-content/uploads/2024/03/03_20240320_192243-768x1662.jpg 768w, http://kfd-dipperz.de/wp-content/uploads/2024/03/03_20240320_192243-710x1536.jpg 710w, http://kfd-dipperz.de/wp-content/uploads/2024/03/03_20240320_192243-946x2048.jpg 946w, http://kfd-dipperz.de/wp-content/uploads/2024/03/03_20240320_192243-scaled.jpg 1183w" sizes="auto, (max-width: 473px) 100vw, 473px" /></a></p>
<p>Nach der Begrüßung wurde zunächst an die verstorbenen kfd-Mitgliederinnen gedacht.</p>
<p><a href="http://kfd-dipperz.de/wp-content/uploads/2024/03/05_20240320_191002-scaled.jpg"><img loading="lazy" decoding="async" class="aligncenter wp-image-5413 size-large" src="http://kfd-dipperz.de/wp-content/uploads/2024/03/05_20240320_191002-1024x473.jpg" alt="" width="660" height="305" srcset="http://kfd-dipperz.de/wp-content/uploads/2024/03/05_20240320_191002-1024x473.jpg 1024w, http://kfd-dipperz.de/wp-content/uploads/2024/03/05_20240320_191002-300x139.jpg 300w, http://kfd-dipperz.de/wp-content/uploads/2024/03/05_20240320_191002-768x355.jpg 768w, http://kfd-dipperz.de/wp-content/uploads/2024/03/05_20240320_191002-1536x710.jpg 1536w, http://kfd-dipperz.de/wp-content/uploads/2024/03/05_20240320_191002-2048x946.jpg 2048w" sizes="auto, (max-width: 660px) 100vw, 660px" /></a></p>
<p>Danach begrüßte unsere Sprecherin vier neue Mitgliederinnen im Kreise der kfd Dipperz.</p>
<p>Sie bedankte sich bei Andrea Link, Heidrun Herbst, Brigitte Leitsch und Gaby Woschek (fehlte) für die Bereitschaft in der kfd mitzuwirken.</p>
<p>Über ihre 30jährige Mitgliedschaft konnten sich Emmi Trapp, Emmi Müller, Brunhilde Müller (fehlte) und Gisela Seuring freuen. Andrea Goldbach ehrte die anwesenden Frauen mit einer Urkunde und einem kleinen Blumenpräsent.</p>
<p><a href="http://kfd-dipperz.de/wp-content/uploads/2024/03/01_20240320_191840.jpg"><img loading="lazy" decoding="async" class="aligncenter wp-image-5409 size-large" src="http://kfd-dipperz.de/wp-content/uploads/2024/03/01_20240320_191840-1024x906.jpg" alt="" width="660" height="584" srcset="http://kfd-dipperz.de/wp-content/uploads/2024/03/01_20240320_191840-1024x906.jpg 1024w, http://kfd-dipperz.de/wp-content/uploads/2024/03/01_20240320_191840-300x266.jpg 300w, http://kfd-dipperz.de/wp-content/uploads/2024/03/01_20240320_191840-768x680.jpg 768w, http://kfd-dipperz.de/wp-content/uploads/2024/03/01_20240320_191840-1536x1359.jpg 1536w, http://kfd-dipperz.de/wp-content/uploads/2024/03/01_20240320_191840-2048x1813.jpg 2048w" sizes="auto, (max-width: 660px) 100vw, 660px" /></a></p>
<p>Die Sprecherin informierte die Versammlung, dass das Vakanzjahr vorbei sei und die einzelnen Teams sehr gut gearbeitet hätten und auch neue Team-Mitarbeiterinnen dazu gewonnen werden konnten und man positiv in die Zukunft der kfd Dipperz blicken könne.</p>
<p>Im Anschluss daran gaben Karin Brill und Alexandra Übelacker einen schönen Jahresrückblick in Bildern wieder.</p>
<p>Andrea Goldbach informierte die Versammlung über neue Termine in 2024.</p>
<p>Zum Abschluss hieß es Abschied nehmen: Alexandra Übelacker und Karin Brill wurden nach 17 Jahren/13 Jahren Arbeit im Leitungsteam aus dem Vorstand verabschiedet. Andrea Goldbach dankte Ihnen für die lange Zeit und ihr Wirken in der kfd mit einer Dankesurkunde und einem kleinen Präsent.</p>
<p><a href="http://kfd-dipperz.de/wp-content/uploads/2024/03/08_20240320_204343.jpg"><img loading="lazy" decoding="async" class="aligncenter wp-image-5416 size-large" src="http://kfd-dipperz.de/wp-content/uploads/2024/03/08_20240320_204343-844x1024.jpg" alt="" width="660" height="801" srcset="http://kfd-dipperz.de/wp-content/uploads/2024/03/08_20240320_204343-844x1024.jpg 844w, http://kfd-dipperz.de/wp-content/uploads/2024/03/08_20240320_204343-247x300.jpg 247w, http://kfd-dipperz.de/wp-content/uploads/2024/03/08_20240320_204343-768x932.jpg 768w, http://kfd-dipperz.de/wp-content/uploads/2024/03/08_20240320_204343-1266x1536.jpg 1266w, http://kfd-dipperz.de/wp-content/uploads/2024/03/08_20240320_204343.jpg 1465w" sizes="auto, (max-width: 660px) 100vw, 660px" /></a></p>
<p>Zum Ende der Versammlung verbrachten unsere Frauen gemütlich bei einem leckeren Imbiss und guten Gesprächen noch ein paar schöne Stunden zusammen.</p>

<p>Am 20.03.2024 fand die jährliche Jahreshauptversammlung der kfd Sankt Antonius Dipperz statt. Die Sprecherin Andrea Goldbach begrüßte alle anwesenden Frauen im schön eingedeckten Bürgerhaus. Nach der Begrüßung wurde zunächst an die verstorbenen kfd-Mitgliederinnen gedacht. Danach begrüßte unsere Sprecherin vier neue Mitgliederinnen im Kreise der kfd Dipperz. Sie bedankte sich bei Andrea Link, Heidrun Herbst, Brigitte &hellip; <a href="http://kfd-dipperz.de/?page_id=5405" class="more-link"><span class="screen-reader-text">Jahreshauptversammlung 2024</span> weiterlesen</a></p>
