{"id":166,"date":"2023-06-01T12:48:13","date_gmt":"2023-06-01T10:48:13","guid":{"rendered":"http:\/\/kfd-dipperz.de\/?page_id=166"},"modified":"2025-09-11T16:43:34","modified_gmt":"2025-09-11T14:43:34","slug":"mitglied-werden","status":"publish","type":"page","link":"http:\/\/kfd-dipperz.de\/?page_id=166","title":{"rendered":"Mitglied werden"},"content":{"rendered":"<p><strong>Die kfd St.Antonius ist eine aktive Gemeinschaft von Jung und Alt.<\/strong><\/p>\n<p><strong>Haben wir DICH \u00fcberzeugt?<\/strong><\/p>\n<p><a href=\"https:\/\/www.kfd-bundesverband.de\/mitgliederbereich\/\" target=\"_blank\" rel=\"noopener\"><img loading=\"lazy\" decoding=\"async\" class=\" wp-image-554 aligncenter\" src=\"http:\/\/kfd-dipperz.de\/wp-content\/uploads\/2023\/06\/csm_Aktionswoche22_Mitglied_werden_b6e079f159-prteal94vt5fsnbjcrkjgg8rkflif2kd9xz5hsddwg-300x150.jpg\" alt=\"\" width=\"512\" height=\"256\" srcset=\"http:\/\/kfd-dipperz.de\/wp-content\/uploads\/2023\/06\/csm_Aktionswoche22_Mitglied_werden_b6e079f159-prteal94vt5fsnbjcrkjgg8rkflif2kd9xz5hsddwg-300x150.jpg 300w, http:\/\/kfd-dipperz.de\/wp-content\/uploads\/2023\/06\/csm_Aktionswoche22_Mitglied_werden_b6e079f159-prteal94vt5fsnbjcrkjgg8rkflif2kd9xz5hsddwg-768x384.jpg 768w, http:\/\/kfd-dipperz.de\/wp-content\/uploads\/2023\/06\/csm_Aktionswoche22_Mitglied_werden_b6e079f159-prteal94vt5fsnbjcrkjgg8rkflif2kd9xz5hsddwg.jpg 800w\" sizes=\"auto, (max-width: 512px) 100vw, 512px\" \/><\/a><\/p>\n<div class=\"text ap-plain\">\n<p><strong>Mitglied bei der kfd zu werden ist ganz einfach:<\/strong><\/p>\n<p>Unsere <strong>Beitrittserkl\u00e4rung <\/strong>unten anklicken, downloaden, ausf\u00fcllen und<\/p>\n<p>per Mail an <strong>kfd-dipperz@web.de<\/strong> schicken<\/p>\n<p><strong>oder<\/strong><\/p>\n<p>telefonisch unter<strong> 0162-4183970 (Andrea Goldbach, Sprecherin kfd)<\/strong><\/p>\n<p><strong>oder<\/strong><\/p>\n<p>sprechen Sie uns einfach bei einer unserer Veranstaltungen an! \ud83d\ude42<\/p>\n<p><a href=\"http:\/\/kfd-dipperz.de\/wp-content\/uploads\/2023\/06\/Beitrittserklaerung_A4_Formularfelder.pdf\" target=\"_blank\" rel=\"noopener\">Beitrittserkl\u00e4rung mit Formularfeldern<\/a><\/p>\n<p>Grafik:kfd-Bundesverband<\/p>\n<\/div>\n<p>&nbsp;<\/p>\n","protected":false},"excerpt":{"rendered":"<p>Die kfd St.Antonius ist eine aktive Gemeinschaft von Jung und Alt. Haben wir DICH \u00fcberzeugt? Mitglied bei der kfd zu werden ist ganz einfach: Unsere Beitrittserkl\u00e4rung unten anklicken, downloaden, ausf\u00fcllen und per Mail an kfd-dipperz@web.de schicken oder telefonisch unter 0162-4183970 (Andrea Goldbach, Sprecherin kfd) oder sprechen Sie uns einfach bei einer unserer Veranstaltungen an! \ud83d\ude42 &hellip; <a href=\"http:\/\/kfd-dipperz.de\/?page_id=166\" class=\"more-link\"><span class=\"screen-reader-text\">Mitglied werden<\/span> weiterlesen<\/a><\/p>\n","protected":false},"author":2,"featured_media":0,"parent":0,"menu_order":0,"comment_status":"closed","ping_status":"closed","template":"","meta":{"ngg_post_thumbnail":0,"footnotes":""},"class_list":["post-166","page","type-page","status-publish","hentry"],"_links":{"self":[{"href":"http:\/\/kfd-dipperz.de\/index.php?rest_route=\/wp\/v2\/pages\/166","targetHints":{"allow":["GET"]}}],"collection":[{"href":"http:\/\/kfd-dipperz.de\/index.php?rest_route=\/wp\/v2\/pages"}],"about":[{"href":"http:\/\/kfd-dipperz.de\/index.php?rest_route=\/wp\/v2\/types\/page"}],"author":[{"embeddable":true,"href":"http:\/\/kfd-dipperz.de\/index.php?rest_route=\/wp\/v2\/users\/2"}],"replies":[{"embeddable":true,"href":"http:\/\/kfd-dipperz.de\/index.php?rest_route=%2Fwp%2Fv2%2Fcomments&post=166"}],"version-history":[{"count":0,"href":"http:\/\/kfd-dipperz.de\/index.php?rest_route=\/wp\/v2\/pages\/166\/revisions"}],"wp:attachment":[{"href":"http:\/\/kfd-dipperz.de\/index.php?rest_route=%2Fwp%2Fv2%2Fmedia&parent=166"}],"curies":[{"name":"wp","href":"https:\/\/api.w.org\/{rel}","templated":true}]}}